uppose -5*d + h = -2*h - 43, 7*d = -5*h + 51. Calculate the remainder when 2 + (-6)/2 + 26 is divided by d.
1
Suppose 36*x - 42*x + 1368 = 0. Suppose 3*m + m = x. What is the remainder when m is divided by 12?
9
Let t = 30475 - 28705. Calculate the remainder when t is divided by 48.
42
Let q be -2 + 1 - 19/(-1). Suppose -q*s - 10 = -20*s. What is the remainder when 41 is divided by s?
1
Let g(w) = w**3 - 39*w**2 - 44*w + 553. Calculate the remainder when g(40) is divided by 19.
13
Suppose -b + 5*v = -24, -3*v + 4 = 2*b - 2*v. Let n be (-1)/b - 2431/68. Calculate the remainder when 2 is divided by (-2)/10 - n/30.
0
Let j be 3*(-39)/(14 + -1). Let m(d) = 3*d. Let a be m(-2). Let b = a - j. Calculate the remainder when 10 is divided by b.
1
Suppose -25 = -6*c + c. Suppose -23*h = c*h - 168. Calculate the remainder when -10*4/(-10)*4 is divided by h.
4
Suppose 0 = 38*v - 112 - 192. Suppose 0 = -0*q + 4*q + 16, -x - 3*q + 138 = 0. What is the remainder when x is divided by v?
6
Let a = 12 - 3. Suppose r + 15 = 14*j - 19*j, 2*r = 5*j + 30. What is the remainder when a is divided by r?
4
Suppose -2*m = k - 222, -646 = -k - 2*k + 4*m. Let u = k - 203. Calculate the remainder when 506 is divided by u.
11
Suppose -7*l + 5*n = -2*l + 110, -3*n = -4*l - 91. Let q = l - -31. Let u = q - 2. Calculate the remainder when 10 is divided by u.
2
Suppose -817 = -28*j + 16*j + 11*j. Calculate the remainder when j is divided by 137.
132
Let i = -45636 + 45865. Calculate the remainder when 1017 is divided by i.
101
Let f = -11321 + 11643. What is the remainder when f is divided by 146?
30
Suppose 0 = -3*l + x - 176, -x + 294 = -5*l - 0*x. Let n = -25 - l. Suppose 0 = -9*b + 11*b - n. Calculate the remainder when 31 is divided by b.
14
Let u(f) = 10*f**3 - 4*f**2 + 4*f - 2. Calculate the remainder when u(2) is divided by 12/(612/1955) - 3/((-36)/8).
31
Suppose 5*m - 3*o - 229 = 0, -2*m + 4*o = -0*o - 100. Let q(a) = -21*a**3 - 5*a**2 - a + 5. Calculate the remainder when m is divided by q(-1).
0
Let n be (2/8)/((-9)/156)*-765. What is the remainder when ((-4)/5)/((-39)/n) is divided by 29?
10
Suppose 502 + 148 = 25*s. Suppose 16 = -25*v + s*v. Calculate the remainder when 158 is divided by v.
14
Let w(g) = 2*g**2 + 3*g + 2. Let o be w(-2). Suppose 4*d - 4*y - 76 + 248 = 0, -o*d = -y + 172. Let a = 94 + d. What is the remainder when a is divided by 26?
25
Let d = 109 + -68. Suppose -30 = -5*k, 80*l - 79*l - 86 = -2*k. What is the remainder when l is divided by d?
33
Suppose -4*y = u - 24, 1 + 1 = -y. Let a be 5*1 - (7 + -2). Suppose p - 25 = 4*k, 5*p + a = k + 49. Calculate the remainder when u is divided by p.
5
Let z(g) = -g**3 - 32*g**2 - 202*g + 1. Suppose 0 = -r + 5*f + 38, 0 = -2*r - 2*r - 4*f + 176. Calculate the remainder when z(-8) is divided by r.
38
Let f(u) = 8*u + 19. Let g(k) = -26*k - 57. Let z(v) = 7*f(v) + 2*g(v). Calculate the remainder when 43 is divided by z(-2).
10
Suppose 0 = -442*n + 412*n + 108030. Calculate the remainder when n is divided by 17.
14
What is the remainder when 1260 is divided by -1*(5115 + -5)/(-14)?
165
Suppose 0 = -1293*b + 1974 + 18714. Suppose -3*i - 27 = -u, -136 + 37 = -2*u - 3*i. Calculate the remainder when u is divided by b.
10
Let y = -11 + -38. Let h = -7 - y. Calculate the remainder when h is divided by ((-351)/(-39))/((-6)/(-10)).
12
Let n be (-11 + 3)/(3/(-12)). Suppose -2*h + 60 = 5*v, 2*h - n = -0*v + 2*v. Calculate the remainder when 176 is divided by h.
16
Let p = 3545 + -3108. What is the remainder when p is divided by 93?
65
Let h be 732/5 - 183/(-305). Suppose 1287 - h = 10*a. What is the remainder when a is divided by 37?
3
Suppose 0 = -d - 0*d + 3*r + 135, -2*d + 265 = -5*r. Let y be (d/14)/((-2)/28). Let t = y - -226. Calculate the remainder when t is divided by 36.
34
Suppose 2*o = d - 64, 2*d = -3*o + 24 + 69. Suppose -3*r = 2*z - 26, -5*r = 2*z - 25 - 9. Calculate the remainder when d is divided by z.
5
Suppose 2*v + 81 = w, -339 = -w + v - 263. Calculate the remainder when 253 is divided by w.
40
Let s(f) = -f**2 - 19*f - 60. Let r be s(-14). Calculate the remainder when 79/((-6)/(-9)*5/r) is divided by 49.
41
Suppose 5*i - 4*o - 23 = 0, 72*i - 3*o - 9 = 71*i. Calculate the remainder when 210 is divided by i.
0
Let l be (-1)/1 + 7 + -21. Let s(m) = -m**3 - 18*m**2 - 45*m + 21. What is the remainder when (166/(-3))/(4/(-6)) is divided by s(l)?
20
Let u = 18553 - 18278. What is the remainder when u is divided by 32?
19
Suppose -25 = -b + 6*b, 2*r + 9 = -3*b. Suppose -5*w + 146 = 2*s, 2*s + 3*s = r*w + 303. Suppose 0 = 4*o + 27 - s. What is the remainder when o is divided by 2?
1
Let n(m) = -12*m + 87. What is the remainder when 1130 is divided by n(0)?
86
Let p(t) = 7*t - 295. What is the remainder when 1233 is divided by p(44)?
11
Suppose 0 = -8*o - 1 + 17. Suppose 0 = y + 6*i - 3*i - 56, -y + o*i = -71. Suppose -8*x + 102 = -34. Calculate the remainder when y is divided by x.
14
Let m be ((-8)/2 + 6)/2. Suppose -5*u + 16 = m. Suppose u*a = -2*t + 41, 0 = 4*a - 2*t - 33 - 45. What is the remainder when 116 is divided by a?
14
Let a(k) = -4*k**2 + 30*k - 12. Let b be a(12). Let i = 349 + b. What is the remainder when i is divided by 25?
21
Let r(q) = -7*q**3 - 6*q**2 + 3*q + 14 + 0*q + 8*q**3. Let w be r(6). Suppose 82*n = 84*n - w. Calculate the remainder when 54 is divided by n.
6
Suppose -4*x + 272 = 26*i - 25*i, 5*x - 327 = 2*i. Suppose 85 = q + x. What is the remainder when 37 + -1 - 2/2 is divided by q?
17
Suppose 3*y - 115 + 34 = 0. Suppose 4*a - 13*k - 868 = -9*k, 3*a + 3*k - 633 = 0. Calculate the remainder when a is divided by y.
25
Let l = 76 + -10. Let g = l - 62. Let o = 29 + g. Calculate the remainder when o is divided by 18.
15
Calculate the remainder when 2298 is divided by ((-148)/(-296))/(2/484).
120
Suppose -500*a + 20 = -495*a. Suppose -j + 11 = u, -a*j + 55 = j + 2*u. Let y(x) = 2*x**3 - 4*x**2 - 2*x + 4. Calculate the remainder when y(3) is divided by j.
5
Suppose 15 = 5*d, -34*q + 4709 = -33*q - 5*d. Calculate the remainder when q is divided by 63.
62
Let j(z) = 2*z**3 - 111*z**2 + 78*z + 46. What is the remainder when j(55) is divided by 263?
259
Let o be (2/(-4))/(-1 + (-10)/(-12)). Suppose o*v + 391 - 94 = 0. Let q = -71 - v. What is the remainder when 80 is divided by q?
24
Suppose 3*t - 3*a = 2*t + 8, 0 = -4*t + a + 10. Suppose -4 = -c - t. What is the remainder when 53 is divided by (135/(-18))/(c/(-8)*2)?
8
Suppose 0 = -7*b - 3*i + 307, 2*i + 255 = 5*b - 3*i. What is the remainder when 130 is divided by b?
38
Suppose 0 = 190*x - 863550 + 212230. Calculate the remainder when x is divided by 1711.
6
Suppose -309 = -21*y - 39 + 717. Calculate the remainder when 10620 is divided by y.
45
Let o(c) = 855*c - 2533. What is the remainder when 87 is divided by o(3)?
23
Let g(d) = 5*d**2 - 17*d - 16. Let l be g(-4). Suppose -5*t = -l - 58. Calculate the remainder when 416 is divided by t.
36
What is the remainder when 29*2114/112 - (-9)/(-24) is divided by 68?
3
Suppose -606 = 2*q - 5*q - 3*t, -5*q - 3*t = -1016. Suppose 4*o - q = -o. Let r = -19 + 30. What is the remainder when o is divided by r?
8
Let c be -3 + -5*217/(-35). Let u = c + -1. What is the remainder when u is divided by 8?
3
Let y(g) = g**3 + 6*g**2 + 155*g + 646. Let n = 440 - 156. Calculate the remainder when n is divided by y(-4).
52
Let c(s) = -5*s**3 + 67*s**2 + s + 12. Calculate the remainder when c(13) is divided by 28.
27
Suppose 4*o - 10 + 0 = -q, -4*q = 5*o - 18. Let x(u) = 8*u + 7. What is the remainder when 42 is divided by x(q)?
19
Suppose -62 = -5*l + 3*l. Let p(d) = -2*d + 81. What is the remainder when 53 is divided by p(l)?
15
Let g(z) = 8 - 10*z + 34 - 96 + 19. Let y be g(-9). Let h = -33 + y. What is the remainder when 42 is divided by h?
20
Let n be 104/26 + (-3 - 1). Suppose n = 7*r - 6*r. Suppose r = -w + 2*w - 83. What is the remainder when w is divided by 42?
41
Suppose a - 2 + 0 = 0. Suppose 0 = a*y - 8, 4*g = -2*y + 32 + 100. What is the remainder when 58 is divided by g?
27
Let x = -1025 + 1083. Calculate the remainder when 59 is divided by x.
1
Suppose -2*a - 15 = -4*j + 131, 0 = -4*a + 20. Suppose 48*g - 54 = j*g. Calculate the remainder when g is divided by 5.
1
Suppose 0 = 4*t - b - 